{"id":15,"date":"2019-05-08T10:18:59","date_gmt":"2019-05-08T10:18:59","guid":{"rendered":"https:\/\/oldrekarestaurant.rovigosolutions.co.uk\/?page_id=15"},"modified":"2022-02-08T14:12:27","modified_gmt":"2022-02-08T14:12:27","slug":"home","status":"publish","type":"page","link":"https:\/\/oldrekarestaurant.rovigosolutions.co.uk\/","title":{"rendered":"home"},"content":{"rendered":"<div class=\"wpb-content-wrapper\"><p>[vc_row][vc_column][vc_custom_heading text=&#8221;Mir\u00ebsevini n\u00eb Restorant Reka!&#8221; font_container=&#8221;tag:h2|text_align:center|color:%23dda520&#8243; google_fonts=&#8221;font_family:Satisfy%3Aregular|font_style:400%20regular%3A400%3Anormal&#8221;][vc_custom_heading text=&#8221;Restorant \u201cREKA\u201d \u00ebsht\u00eb nd\u00ebrtuar n\u00eb vitin 2002 nga Qerim Reka dhe familja e tij, duke u mb\u00ebshtetur n\u00eb tradit\u00ebn gastronomike shqiptare n\u00eb p\u00ebrgjith\u00ebsi, si dhe asaj dibrane n\u00eb ve\u00e7anti, si rrjedhoj\u00eb e rr\u00ebnj\u00ebve familjare t\u00eb t\u00eb zot\u00ebrve t\u00eb k\u00ebtij restoranti. E gjith\u00eb puna n\u00eb k\u00ebt\u00eb restorant \u00ebsht\u00eb e organizuar nga kjo familje.&#8221; font_container=&#8221;tag:p|text_align:center|color:%23777777&#8243; google_fonts=&#8221;font_family:Open%20Sans%3A300%2C300italic%2Cregular%2Citalic%2C600%2C600italic%2C700%2C700italic%2C800%2C800italic|font_style:400%20regular%3A400%3Anormal&#8221;][vc_empty_space][\/vc_column][\/vc_row][vc_row][vc_column width=&#8221;1\/3&#8243;][vc_single_image image=&#8221;18&#8243; img_size=&#8221;full&#8221; alignment=&#8221;center&#8221; image_hovers=&#8221;false&#8221;][vc_custom_heading text=&#8221;Restoranti&#8221; font_container=&#8221;tag:h2|text_align:center|color:%23dda520&#8243; google_fonts=&#8221;font_family:Satisfy%3Aregular|font_style:400%20regular%3A400%3Anormal&#8221;][\/vc_column][vc_column width=&#8221;1\/3&#8243;][vc_single_image image=&#8221;19&#8243; img_size=&#8221;full&#8221; alignment=&#8221;center&#8221; image_hovers=&#8221;false&#8221;][vc_custom_heading text=&#8221;Gatimet&#8221; font_container=&#8221;tag:h2|text_align:center|color:%23dda520&#8243; google_fonts=&#8221;font_family:Satisfy%3Aregular|font_style:400%20regular%3A400%3Anormal&#8221;][\/vc_column][vc_column width=&#8221;1\/3&#8243;][vc_single_image image=&#8221;20&#8243; img_size=&#8221;full&#8221; alignment=&#8221;center&#8221; image_hovers=&#8221;false&#8221;][vc_custom_heading text=&#8221;Evente&#8221; font_container=&#8221;tag:h2|text_align:center|color:%23dda520&#8243; google_fonts=&#8221;font_family:Satisfy%3Aregular|font_style:400%20regular%3A400%3Anormal&#8221;][\/vc_column][\/vc_row][vc_row][vc_column][vc_empty_space][\/vc_column][\/vc_row][vc_row][vc_column width=&#8221;1\/2&#8243;][vc_empty_space][vc_column_text]<\/p>\n<p style=\"text-align: justify;\"><span style=\"color: #757575;\">Restorant \u201cREKA\u201d \u00ebsht\u00eb nd\u00ebrtuar n\u00eb vitin 2002 nga Qerim Reka dhe familja e tij, duke u mb\u00ebshtetur n\u00eb tradit\u00ebn gastronomike shqiptare n\u00eb p\u00ebrgjith\u00ebsi, si dhe asaj dibrane n\u00eb ve\u00e7anti, si rrjedhoj\u00eb e rr\u00ebnj\u00ebve familjare t\u00eb t\u00eb zot\u00ebrve t\u00eb k\u00ebtij restoranti. E gjith\u00eb puna n\u00eb k\u00ebt\u00eb restorant \u00ebsht\u00eb e organizuar nga kjo familje. K\u00ebtu mund t\u00eb gjeni gjithashtu recetat e familjes Reka, t\u00eb ruajtura me fanatiz\u00ebm brez pas brezi. Eksperienca e pun\u00ebs s\u00eb Qerim Rek\u00ebs n\u00eb disa nga hotelet m\u00eb prestigjioze t\u00eb vendit si Hotel Tirana International, Drejtoria e Pritjes dhe Sh\u00ebrbimit Qeveritar, etj, kan\u00eb b\u00ebr\u00eb t\u00eb mundur q\u00eb n\u00eb k\u00ebt\u00eb restorant t\u00eb gjeni nj\u00eb sh\u00ebrbim cil\u00ebsor n\u00eb t\u00eb gjitha drejtimet.<\/span><\/p>\n<p>[\/vc_column_text][\/vc_column][vc_column width=&#8221;1\/2&#8243;][vc_media_grid grid_id=&#8221;vc_gid:1644329191109-8ce24b39-f025-6&#8243; include=&#8221;116,119,132,129,110,127&#8243;][\/vc_column][\/vc_row][vc_row bg_type=&#8221;image&#8221; parallax_style=&#8221;vcpb-default&#8221; bg_image_new=&#8221;id^26|url^https:\/\/oldrekarestaurant.rovigosolutions.co.uk\/wp-content\/uploads\/2019\/05\/banner.jpg|caption^null|alt^null|title^null|description^null&#8221; bg_image_repeat=&#8221;no-repeat&#8221; bg_override=&#8221;ex-full&#8221;][vc_column width=&#8221;1\/2&#8243;][vc_empty_space height=&#8221;130px&#8221;][vc_custom_heading text=&#8221;Gatimet e krijuara me kujdes dhe dashuri nga guzhina jone ekselente kerkojn vererat me cilesore.Per kete Restorant Reka ka menduar duke krijuar kantinen e restorantit mbushur plot me verera cilesore.Ketu do te gjeni verera duke filluar nga prodhimi i shtepise e deri ne marka te njohura boterisht.Per me teper informacion shfletoni listat e vererave.&#8221; font_container=&#8221;tag:h4|text_align:center|color:%23ffffff&#8221; google_fonts=&#8221;font_family:Open%20Sans%3A300%2C300italic%2Cregular%2Citalic%2C600%2C600italic%2C700%2C700italic%2C800%2C800italic|font_style:400%20regular%3A400%3Anormal&#8221;][vc_btn title=&#8221;VER\u00cbRAT TONA&#8221; style=&#8221;custom&#8221; custom_background=&#8221;#50485b&#8221; custom_text=&#8221;#ffffff&#8221; align=&#8221;center&#8221; link=&#8221;url:https%3A%2F%2Foldrekarestaurant.rovigosolutions.co.uk%2Findex.php%2Fvererat%2F|title:Ver%C3%ABrat||&#8221;][vc_empty_space height=&#8221;130px&#8221;][\/vc_column][vc_column width=&#8221;1\/2&#8243;][\/vc_column][\/vc_row][vc_row][vc_column width=&#8221;2\/3&#8243;]<div id=\"ult-carousel-131905829969d988952bd67\" class=\"ult-carousel-wrapper   ult_horizontal\" data-gutter=\"15\" data-rtl=\"false\" ><div class=\"ult-carousel-255376629569d988952bcbd \" >[vc_single_image image=&#8221;27&#8243; img_size=&#8221;full&#8221; alignment=&#8221;center&#8221; onclick=&#8221;link_image&#8221; image_hovers=&#8221;false&#8221;][vc_single_image image=&#8221;33&#8243; img_size=&#8221;full&#8221; alignment=&#8221;center&#8221; onclick=&#8221;link_image&#8221; image_hovers=&#8221;false&#8221;][vc_single_image image=&#8221;32&#8243; img_size=&#8221;full&#8221; alignment=&#8221;center&#8221; onclick=&#8221;link_image&#8221; image_hovers=&#8221;false&#8221;][vc_single_image image=&#8221;31&#8243; img_size=&#8221;full&#8221; alignment=&#8221;center&#8221; onclick=&#8221;link_image&#8221; image_hovers=&#8221;false&#8221;][vc_single_image image=&#8221;30&#8243; img_size=&#8221;full&#8221; alignment=&#8221;center&#8221; onclick=&#8221;link_image&#8221; image_hovers=&#8221;false&#8221;][vc_single_image image=&#8221;28&#8243; img_size=&#8221;full&#8221; alignment=&#8221;center&#8221; onclick=&#8221;link_image&#8221; image_hovers=&#8221;false&#8221;][vc_single_image image=&#8221;29&#8243; img_size=&#8221;full&#8221; alignment=&#8221;center&#8221; onclick=&#8221;link_image&#8221; image_hovers=&#8221;false&#8221;]<\/div><\/div>\t\t\t<script type=\"text\/javascript\">\n\t\t\t\tjQuery(document).ready(function ($) {\n\t\t\t\t\tif( typeof jQuery('.ult-carousel-255376629569d988952bcbd').slick == \"function\"){\n\t\t\t\t\t\t$('.ult-carousel-255376629569d988952bcbd').slick({dots: false,autoplay: true,autoplaySpeed: \"2000\",speed: \"2000\",infinite: true,arrows: false,slidesToScroll:1,slidesToShow:1,swipe: true,draggable: true,touchMove: true,pauseOnHover: true,pauseOnFocus: false,responsive: [\n\t\t\t\t\t\t\t{\n\t\t\t\t\t\t\t  breakpoint: 1026,\n\t\t\t\t\t\t\t  settings: {\n\t\t\t\t\t\t\t\tslidesToShow: 1,\n\t\t\t\t\t\t\t\tslidesToScroll: 1,  \n\t\t\t\t\t\t\t  }\n\t\t\t\t\t\t\t},\n\t\t\t\t\t\t\t{\n\t\t\t\t\t\t\t  breakpoint: 1025,\n\t\t\t\t\t\t\t  settings: {\n\t\t\t\t\t\t\t\tslidesToShow: 1,\n\t\t\t\t\t\t\t\tslidesToScroll: 1\n\t\t\t\t\t\t\t  }\n\t\t\t\t\t\t\t},\n\t\t\t\t\t\t\t{\n\t\t\t\t\t\t\t  breakpoint: 760,\n\t\t\t\t\t\t\t  settings: {\n\t\t\t\t\t\t\t\tslidesToShow: 1,\n\t\t\t\t\t\t\t\tslidesToScroll: 1\n\t\t\t\t\t\t\t  }\n\t\t\t\t\t\t\t}\n\t\t\t\t\t\t],pauseOnDotsHover: true,customPaging: function(slider, i) {\n                   return '<i type=\"button\" style= \"color:#333333;\" class=\"ultsl-record\" data-role=\"none\"><\/i>';\n                },});\n\t\t\t\t\t}\n\t\t\t\t});\n\t\t\t<\/script>\n\t\t\t[\/vc_column][vc_column width=&#8221;1\/3&#8243;][vc_custom_heading text=&#8221;REZERVO NJ\u00cb TAVOLIN\u00cb&#8221; font_container=&#8221;tag:h2|font_size:1.5em|text_align:center|color:%23666666&#8243; google_fonts=&#8221;font_family:Roboto%3A100%2C100italic%2C300%2C300italic%2Cregular%2Citalic%2C500%2C500italic%2C700%2C700italic%2C900%2C900italic|font_style:400%20regular%3A400%3Anormal&#8221;][vc_custom_heading text=&#8221;Plot\u00ebsoni formularin me k\u00ebrkesat tuaja&#8221; font_container=&#8221;tag:p|text_align:center|color:%23666666&#8243; google_fonts=&#8221;font_family:Roboto%3A100%2C100italic%2C300%2C300italic%2Cregular%2Citalic%2C500%2C500italic%2C700%2C700italic%2C900%2C900italic|font_style:400%20regular%3A400%3Anormal&#8221;][contact-form-7 id=&#8221;35&#8243;][\/vc_column][\/vc_row]<\/p>\n<\/div>","protected":false},"excerpt":{"rendered":"<p>[vc_row][vc_column][vc_custom_heading text=&#8221;Mir\u00ebsevini n\u00eb Restorant Reka!&#8221; font_container=&#8221;tag:h2|text_align:center|color:%23dda520&#8243; google_fonts=&#8221;font_family:Satisfy%3Aregular|font_style:400%20regular%3A400%3Anormal&#8221;][vc_custom_heading text=&#8221;Restorant \u201cREKA\u201d \u00ebsht\u00eb nd\u00ebrtuar n\u00eb vitin 2002 nga Qerim Reka dhe familja e tij, duke u mb\u00ebshtetur n\u00eb tradit\u00ebn gastronomike shqiptare n\u00eb p\u00ebrgjith\u00ebsi, si dhe asaj dibrane n\u00eb ve\u00e7anti, si rrjedhoj\u00eb e rr\u00ebnj\u00ebve familjare t\u00eb t\u00eb zot\u00ebrve t\u00eb k\u00ebtij restoranti. E gjith\u00eb puna n\u00eb k\u00ebt\u00eb restorant \u00ebsht\u00eb e&hellip;<\/p>\n","protected":false},"author":2,"featured_media":0,"parent":0,"menu_order":0,"comment_status":"closed","ping_status":"closed","template":"","meta":{"footnotes":""},"class_list":["post-15","page","type-page","status-publish","hentry","description-off"],"_hostinger_reach_plugin_has_subscription_block":false,"_hostinger_reach_plugin_is_elementor":false,"_links":{"self":[{"href":"https:\/\/oldrekarestaurant.rovigosolutions.co.uk\/index.php\/wp-json\/wp\/v2\/pages\/15","targetHints":{"allow":["GET"]}}],"collection":[{"href":"https:\/\/oldrekarestaurant.rovigosolutions.co.uk\/index.php\/wp-json\/wp\/v2\/pages"}],"about":[{"href":"https:\/\/oldrekarestaurant.rovigosolutions.co.uk\/index.php\/wp-json\/wp\/v2\/types\/page"}],"author":[{"embeddable":true,"href":"https:\/\/oldrekarestaurant.rovigosolutions.co.uk\/index.php\/wp-json\/wp\/v2\/users\/2"}],"replies":[{"embeddable":true,"href":"https:\/\/oldrekarestaurant.rovigosolutions.co.uk\/index.php\/wp-json\/wp\/v2\/comments?post=15"}],"version-history":[{"count":8,"href":"https:\/\/oldrekarestaurant.rovigosolutions.co.uk\/index.php\/wp-json\/wp\/v2\/pages\/15\/revisions"}],"predecessor-version":[{"id":201,"href":"https:\/\/oldrekarestaurant.rovigosolutions.co.uk\/index.php\/wp-json\/wp\/v2\/pages\/15\/revisions\/201"}],"wp:attachment":[{"href":"https:\/\/oldrekarestaurant.rovigosolutions.co.uk\/index.php\/wp-json\/wp\/v2\/media?parent=15"}],"curies":[{"name":"wp","href":"https:\/\/api.w.org\/{rel}","templated":true}]}}